44.242.159.163 - - [06/Jan/2023:00:35:12 -0800] "GET / HTTP/1.1" 301 - "-" "Python/3.8 aiohttp/3.8.1" "cargohs.com"
44.242.159.163 - - [06/Jan/2023:00:35:16 -0800] "GET / HTTP/1.1" 200 36340 "-" "Python/3.8 aiohttp/3.8.1" "www.cargohs.com"
118.184.177.50 - - [06/Jan/2023:00:37:53 -0800] "GET / HTTP/1.1" 200 36340 "-" "Sogou web spider/4.0(+http://www.sogou.com/docs/help/webmasters.htm#07)" "www.cargohs.com"
5.188.86.198 - - [06/Jan/2023:00:52:59 -0800] "POST /wp-login.php HTTP/1.1" 200 3898 "-" "Mozilla/5.0 (Windows NT 6.3; WOW64; rv:43.0) Gecko/20100101 Firefox/43.0" "cargohs.com"
123.125.109.45 - - [06/Jan/2023:00:54:52 -0800] "GET / HTTP/1.1" 301 - "-" "Sogou web spider/4.0(+http://www.sogou.com/docs/help/webmasters.htm#07)" "cargohs.com"
85.159.211.57 - - [06/Jan/2023:01:00:42 -0800] "GET / HTTP/1.1" 301 - "-" "Mozilla/5.0 (Windows NT 10.0; Win64; x64) AppleWebKit/537.36 (KHTML, like Gecko) Chrome/83.0.4103.116 Safari/537.36" "cargohs.com"
85.159.211.57 - - [06/Jan/2023:01:05:25 -0800] "GET / HTTP/1.1" 301 - "http://cargohs.com" "Mozilla/5.0 (X11; Linux x86_64) AppleWebKit/537.36 (KHTML, like Gecko) Chrome/83.0.4103.97 Safari/537.36" "cargohs.com"
85.159.211.57 - - [06/Jan/2023:01:05:31 -0800] "GET / HTTP/1.1" 301 - "http://cargohs.com" "Mozilla/5.0 (X11; Linux x86_64) AppleWebKit/537.36 (KHTML, like Gecko) Chrome/83.0.4103.97 Safari/537.36" "cargohs.com"
221.142.139.209 - - [06/Jan/2023:01:06:04 -0800] "GET /wp-login.php HTTP/1.1" 200 2952 "https://www.cargohs.com/wp-login.php" "Mozilla/5.0 (X11; Ubuntu; Linux x86_64; rv:63.0) Gecko/20100101 Firefox/63.0" "www.cargohs.com"
221.142.139.209 - - [06/Jan/2023:01:06:08 -0800] "POST /wp-login.php HTTP/1.1" 200 3916 "https://cloud.regaligifts.com/wp-login.php" "Mozilla/5.0 (X11; Ubuntu; Linux x86_64; rv:63.0) Gecko/20100101 Firefox/63.0" "www.cargohs.com"
123.125.109.45 - - [06/Jan/2023:01:10:40 -0800] "GET / HTTP/1.1" 200 36338 "-" "Sogou web spider/4.0(+http://www.sogou.com/docs/help/webmasters.htm#07)" "www.cargohs.com"
139.59.121.14 - - [06/Jan/2023:01:11:26 -0800] "GET /wp-includes/wlwmanifest.xml HTTP/1.1" 200 460 "-" "python-requests/2.27.1" "cargohs.com"
139.59.121.14 - - [06/Jan/2023:01:11:28 -0800] "GET /administrator/index.php HTTP/1.1" 404 88 "-" "python-requests/2.27.1" "cargohs.com"
139.59.121.14 - - [06/Jan/2023:01:11:29 -0800] "GET /view-source: HTTP/1.1" 404 88 "-" "python-requests/2.27.1" "cargohs.com"
139.59.121.14 - - [06/Jan/2023:01:11:31 -0800] "GET /misc/ajax.js HTTP/1.1" 404 88 "-" "python-requests/2.27.1" "cargohs.com"
114.119.151.4 - - [06/Jan/2023:01:57:19 -0800] "GET /?p=1 HTTP/1.1" 200 18871 "https://www.cargohs.com/?cat=1" "Mozilla/5.0 (Linux; Android 7.0;) AppleWebKit/537.36 (KHTML, like Gecko) Mobile Safari/537.36 (compatible; PetalBot;+https://webmaster.petalsearch.com/site/petalbot)" "www.cargohs.com"
10.247.24.56 - - [06/Jan/2023:01:57:23 -0800] "POST /wp-cron.php?doing_wp_cron=1672999043.5450370311737060546875 HTTP/1.1" 200 - "https://www.cargohs.com/wp-cron.php?doing_wp_cron=1672999043.5450370311737060546875" "WordPress/5.0.18; https://www.cargohs.com" "www.cargohs.com"
111.240.200.58 - - [06/Jan/2023:02:06:08 -0800] "GET /contact_us/ HTTP/1.1" 200 604910 "https://cargohs.com/contact_us/" "Mozilla/5.0 (Windows NT 6.3; Win64; x64) AppleWebKit/537.36 (KHTML, like Gecko) Chrome/90.0.4430.85 Safari/537.36 Edg/90.0.818.46" "cargohs.com"
205.210.31.142 - - [06/Jan/2023:02:06:24 -0800] "GET / HTTP/1.1" 301 - "-" "Expanse, a Palo Alto Networks company, searches across the global IPv4 space multiple times per day to identify customers&#39; presences on the Internet. If you would like to be excluded from our scans, please send IP addresses/domains to: scaninfo@paloaltonetworks.com" "cargohs.com"
118.184.177.50 - - [06/Jan/2023:02:08:59 -0800] "GET / HTTP/1.1" 200 36342 "-" "Sogou web spider/4.0(+http://www.sogou.com/docs/help/webmasters.htm#07)" "www.cargohs.com"
45.112.34.6 - - [06/Jan/2023:02:12:22 -0800] "GET /services HTTP/1.1" 200 440936 "https://www.google.com/" "Mozilla/5.0 (Windows NT 10.0; Win64; x64) AppleWebKit/537.36 (KHTML, like Gecko) Chrome/108.0.0.0 Safari/537.36" "www.cargohs.com"
45.112.34.6 - - [06/Jan/2023:02:12:55 -0800] "GET /yahoo_site_admin/assets/images/Unknown.67115915_std.jpeg HTTP/1.1" 200 10951 "https://www.cargohs.com/services" "Mozilla/5.0 (Windows NT 10.0; Win64; x64) AppleWebKit/537.36 (KHTML, like Gecko) Chrome/108.0.0.0 Safari/537.36" "www.cargohs.com"
45.112.34.6 - - [06/Jan/2023:02:12:55 -0800] "GET /yahoo_site_admin/assets/images/Warehouse-conveyor-B2C.67120228_std.jpg HTTP/1.1" 200 68248 "https://www.cargohs.com/services" "Mozilla/5.0 (Windows NT 10.0; Win64; x64) AppleWebKit/537.36 (KHTML, like Gecko) Chrome/108.0.0.0 Safari/537.36" "www.cargohs.com"
45.112.34.6 - - [06/Jan/2023:02:12:55 -0800] "GET /yahoo_site_admin/assets/images/bears.364200647_std.png HTTP/1.1" 200 67661 "https://www.cargohs.com/services" "Mozilla/5.0 (Windows NT 10.0; Win64; x64) AppleWebKit/537.36 (KHTML, like Gecko) Chrome/108.0.0.0 Safari/537.36" "www.cargohs.com"
45.112.34.6 - - [06/Jan/2023:02:12:55 -0800] "GET /yahoo_site_admin/assets/images/52DA21F1-F2F1-46F8-88A3-3AE4848314C5.67122926_std.JPG HTTP/1.1" 200 48963 "https://www.cargohs.com/services" "Mozilla/5.0 (Windows NT 10.0; Win64; x64) AppleWebKit/537.36 (KHTML, like Gecko) Chrome/108.0.0.0 Safari/537.36" "www.cargohs.com"
45.112.34.6 - - [06/Jan/2023:02:12:56 -0800] "GET /yahoo_site_admin/assets/images/77903D9D-EAAC-48A8-8E20-45CEB97D4F85.67123030_std.JPG HTTP/1.1" 200 67024 "https://www.cargohs.com/services" "Mozilla/5.0 (Windows NT 10.0; Win64; x64) AppleWebKit/537.36 (KHTML, like Gecko) Chrome/108.0.0.0 Safari/537.36" "www.cargohs.com"
45.112.34.6 - - [06/Jan/2023:02:12:56 -0800] "GET /yahoo_site_admin/assets/images/mail.67123934_std.JPG HTTP/1.1" 200 107571 "https://www.cargohs.com/services" "Mozilla/5.0 (Windows NT 10.0; Win64; x64) AppleWebKit/537.36 (KHTML, like Gecko) Chrome/108.0.0.0 Safari/537.36" "www.cargohs.com"
45.112.34.6 - - [06/Jan/2023:02:12:57 -0800] "GET /favicon.ico HTTP/1.1" 404 88 "https://www.cargohs.com/services" "Mozilla/5.0 (Windows NT 10.0; Win64; x64) AppleWebKit/537.36 (KHTML, like Gecko) Chrome/108.0.0.0 Safari/537.36" "www.cargohs.com"
10.247.24.56 - - [06/Jan/2023:02:19:05 -0800] "POST /wp-cron.php?doing_wp_cron=1673000345.6710391044616699218750 HTTP/1.1" 200 - "https://www.cargohs.com/wp-cron.php?doing_wp_cron=1673000345.6710391044616699218750" "WordPress/5.0.18; https://www.cargohs.com" "www.cargohs.com"
49.7.21.74 - - [06/Jan/2023:02:19:00 -0800] "GET / HTTP/1.1" 301 - "-" "Sogou web spider/4.0(+http://www.sogou.com/docs/help/webmasters.htm#07)" "cargohs.com"
49.7.21.74 - - [06/Jan/2023:02:23:47 -0800] "GET / HTTP/1.1" 200 36340 "-" "Sogou web spider/4.0(+http://www.sogou.com/docs/help/webmasters.htm#07)" "www.cargohs.com"
211.13.204.1 - - [06/Jan/2023:02:31:13 -0800] "GET /wordpress/ HTTP/1.1" 404 73 "-" "-" "cargohs.com"
5.188.86.198 - - [06/Jan/2023:02:51:16 -0800] "POST /wp-login.php HTTP/1.1" 200 3898 "-" "Mozilla/5.0 (Windows NT 6.3; WOW64; rv:43.0) Gecko/20100101 Firefox/43.0" "www.cargohs.com"
216.55.146.57 - - [06/Jan/2023:02:57:22 -0800] "GET /?author=21 HTTP/1.1" 301 - "-" "Mozilla/5.0 (Windows NT 5.1; rv:36.0) Gecko/20100101 Firefox/36.0" "cargohs.com"
103.74.120.142 - - [06/Jan/2023:02:57:26 -0800] "GET /?author=1 HTTP/1.1" 301 - "-" "Mozilla/5.0 (Windows NT 10.0; Win64; x64) AppleWebKit/537.36 (KHTML, like Gecko) Chrome/79.0.3945.130 Safari/537.36" "cargohs.com"
216.55.146.57 - - [06/Jan/2023:02:57:27 -0800] "GET /?author=22 HTTP/1.1" 301 - "-" "Mozilla/5.0 (Windows NT 5.1; rv:36.0) Gecko/20100101 Firefox/36.0" "cargohs.com"
103.74.120.142 - - [06/Jan/2023:02:57:30 -0800] "GET /?author=2 HTTP/1.1" 301 - "-" "Mozilla/5.0 (Windows NT 10.0; Win64; x64) AppleWebKit/537.36 (KHTML, like Gecko) Chrome/79.0.3945.130 Safari/537.36" "cargohs.com"
35.236.233.34 - - [06/Jan/2023:02:57:31 -0800] "GET /?author=11 HTTP/1.1" 301 - "-" "Mozilla/5.0 (Windows NT 10.0; WOW64; rv:52.0) Gecko/20100101 Firefox/52.0" "cargohs.com"
216.55.146.57 - - [06/Jan/2023:02:57:33 -0800] "GET /?author=23 HTTP/1.1" 301 - "-" "Mozilla/5.0 (Windows NT 5.1; rv:36.0) Gecko/20100101 Firefox/36.0" "cargohs.com"
103.74.120.142 - - [06/Jan/2023:02:57:35 -0800] "GET /?author=3 HTTP/1.1" 301 - "-" "Mozilla/5.0 (Windows NT 10.0; Win64; x64) AppleWebKit/537.36 (KHTML, like Gecko) Chrome/79.0.3945.130 Safari/537.36" "cargohs.com"
35.236.233.34 - - [06/Jan/2023:02:57:35 -0800] "GET /?author=12 HTTP/1.1" 301 - "-" "Mozilla/5.0 (Windows NT 10.0; WOW64; rv:52.0) Gecko/20100101 Firefox/52.0" "cargohs.com"
216.55.146.57 - - [06/Jan/2023:02:57:36 -0800] "GET /?author=24 HTTP/1.1" 301 - "-" "Mozilla/5.0 (Windows NT 5.1; rv:36.0) Gecko/20100101 Firefox/36.0" "cargohs.com"
103.74.120.142 - - [06/Jan/2023:02:57:39 -0800] "GET /?author=4 HTTP/1.1" 301 - "-" "Mozilla/5.0 (Windows NT 10.0; Win64; x64) AppleWebKit/537.36 (KHTML, like Gecko) Chrome/79.0.3945.130 Safari/537.36" "cargohs.com"
35.236.233.34 - - [06/Jan/2023:02:57:41 -0800] "GET /?author=13 HTTP/1.1" 301 - "-" "Mozilla/5.0 (Windows NT 10.0; WOW64; rv:52.0) Gecko/20100101 Firefox/52.0" "cargohs.com"
216.55.146.57 - - [06/Jan/2023:02:57:41 -0800] "GET /?author=25 HTTP/1.1" 301 - "-" "Mozilla/5.0 (Windows NT 5.1; rv:36.0) Gecko/20100101 Firefox/36.0" "cargohs.com"
103.74.120.142 - - [06/Jan/2023:02:57:44 -0800] "GET /?author=5 HTTP/1.1" 301 - "-" "Mozilla/5.0 (Windows NT 10.0; Win64; x64) AppleWebKit/537.36 (KHTML, like Gecko) Chrome/79.0.3945.130 Safari/537.36" "cargohs.com"
35.236.233.34 - - [06/Jan/2023:02:57:44 -0800] "GET /?author=14 HTTP/1.1" 301 - "-" "Mozilla/5.0 (Windows NT 10.0; WOW64; rv:52.0) Gecko/20100101 Firefox/52.0" "cargohs.com"
216.55.146.57 - - [06/Jan/2023:02:57:46 -0800] "GET /?author=26 HTTP/1.1" 301 - "-" "Mozilla/5.0 (Windows NT 5.1; rv:36.0) Gecko/20100101 Firefox/36.0" "cargohs.com"
103.74.120.142 - - [06/Jan/2023:02:57:48 -0800] "GET /?author=6 HTTP/1.1" 301 - "-" "Mozilla/5.0 (Windows NT 10.0; Win64; x64) AppleWebKit/537.36 (KHTML, like Gecko) Chrome/79.0.3945.130 Safari/537.36" "cargohs.com"
35.236.233.34 - - [06/Jan/2023:02:57:48 -0800] "GET /?author=15 HTTP/1.1" 301 - "-" "Mozilla/5.0 (Windows NT 10.0; WOW64; rv:52.0) Gecko/20100101 Firefox/52.0" "cargohs.com"
216.55.146.57 - - [06/Jan/2023:02:57:50 -0800] "GET /?author=27 HTTP/1.1" 301 - "-" "Mozilla/5.0 (Windows NT 5.1; rv:36.0) Gecko/20100101 Firefox/36.0" "cargohs.com"
35.236.233.34 - - [06/Jan/2023:02:57:52 -0800] "GET /?author=16 HTTP/1.1" 301 - "-" "Mozilla/5.0 (Windows NT 10.0; WOW64; rv:52.0) Gecko/20100101 Firefox/52.0" "cargohs.com"
103.74.120.142 - - [06/Jan/2023:02:57:53 -0800] "GET /?author=7 HTTP/1.1" 301 - "-" "Mozilla/5.0 (Windows NT 10.0; Win64; x64) AppleWebKit/537.36 (KHTML, like Gecko) Chrome/79.0.3945.130 Safari/537.36" "cargohs.com"
216.55.146.57 - - [06/Jan/2023:02:57:54 -0800] "GET /?author=28 HTTP/1.1" 301 - "-" "Mozilla/5.0 (Windows NT 5.1; rv:36.0) Gecko/20100101 Firefox/36.0" "cargohs.com"
35.236.233.34 - - [06/Jan/2023:02:57:56 -0800] "GET /?author=17 HTTP/1.1" 301 - "-" "Mozilla/5.0 (Windows NT 10.0; WOW64; rv:52.0) Gecko/20100101 Firefox/52.0" "cargohs.com"
103.74.120.142 - - [06/Jan/2023:02:57:58 -0800] "GET /?author=8 HTTP/1.1" 301 - "-" "Mozilla/5.0 (Windows NT 10.0; Win64; x64) AppleWebKit/537.36 (KHTML, like Gecko) Chrome/79.0.3945.130 Safari/537.36" "cargohs.com"
216.55.146.57 - - [06/Jan/2023:02:57:58 -0800] "GET /?author=29 HTTP/1.1" 301 - "-" "Mozilla/5.0 (Windows NT 5.1; rv:36.0) Gecko/20100101 Firefox/36.0" "cargohs.com"
35.236.233.34 - - [06/Jan/2023:02:58:00 -0800] "GET /?author=18 HTTP/1.1" 301 - "-" "Mozilla/5.0 (Windows NT 10.0; WOW64; rv:52.0) Gecko/20100101 Firefox/52.0" "cargohs.com"
216.55.146.57 - - [06/Jan/2023:02:58:02 -0800] "GET /?author=30 HTTP/1.1" 301 - "-" "Mozilla/5.0 (Windows NT 5.1; rv:36.0) Gecko/20100101 Firefox/36.0" "cargohs.com"
103.74.120.142 - - [06/Jan/2023:02:58:03 -0800] "GET /?author=9 HTTP/1.1" 301 - "-" "Mozilla/5.0 (Windows NT 10.0; Win64; x64) AppleWebKit/537.36 (KHTML, like Gecko) Chrome/79.0.3945.130 Safari/537.36" "cargohs.com"
35.236.233.34 - - [06/Jan/2023:02:58:04 -0800] "GET /?author=19 HTTP/1.1" 301 - "-" "Mozilla/5.0 (Windows NT 10.0; WOW64; rv:52.0) Gecko/20100101 Firefox/52.0" "cargohs.com"
35.236.233.34 - - [06/Jan/2023:02:58:07 -0800] "GET /?author=20 HTTP/1.1" 301 - "-" "Mozilla/5.0 (Windows NT 10.0; WOW64; rv:52.0) Gecko/20100101 Firefox/52.0" "cargohs.com"
103.74.120.142 - - [06/Jan/2023:02:58:07 -0800] "GET /?author=10 HTTP/1.1" 301 - "-" "Mozilla/5.0 (Windows NT 10.0; Win64; x64) AppleWebKit/537.36 (KHTML, like Gecko) Chrome/79.0.3945.130 Safari/537.36" "cargohs.com"
103.74.120.142 - - [06/Jan/2023:02:58:09 -0800] "GET /?author=31 HTTP/1.1" 301 - "-" "Mozilla/5.0 (Windows NT 6.3; Win64; x64) AppleWebKit/537.36 (KHTML, like Gecko) Chrome/60.0.3112.113 Safari/537.36" "cargohs.com"
103.74.120.142 - - [06/Jan/2023:02:58:13 -0800] "GET /?author=32 HTTP/1.1" 301 - "-" "Mozilla/5.0 (Windows NT 6.3; Win64; x64) AppleWebKit/537.36 (KHTML, like Gecko) Chrome/60.0.3112.113 Safari/537.36" "cargohs.com"
103.74.120.142 - - [06/Jan/2023:02:58:18 -0800] "GET /?author=33 HTTP/1.1" 301 - "-" "Mozilla/5.0 (Windows NT 6.3; Win64; x64) AppleWebKit/537.36 (KHTML, like Gecko) Chrome/60.0.3112.113 Safari/537.36" "cargohs.com"
103.74.120.142 - - [06/Jan/2023:02:58:24 -0800] "GET /?author=34 HTTP/1.1" 301 - "-" "Mozilla/5.0 (Windows NT 6.3; Win64; x64) AppleWebKit/537.36 (KHTML, like Gecko) Chrome/60.0.3112.113 Safari/537.36" "cargohs.com"
34.123.38.23 - - [06/Jan/2023:02:58:26 -0800] "GET /?author=31 HTTP/1.1" 301 - "-" "Mozilla/5.0 (Macintosh; Intel Mac OS X 10_10; rv:33.0) Gecko/20100101 Firefox/33.0" "cargohs.com"
103.74.120.142 - - [06/Jan/2023:02:58:29 -0800] "GET /?author=35 HTTP/1.1" 301 - "-" "Mozilla/5.0 (Windows NT 6.3; Win64; x64) AppleWebKit/537.36 (KHTML, like Gecko) Chrome/60.0.3112.113 Safari/537.36" "cargohs.com"
34.123.38.23 - - [06/Jan/2023:02:58:30 -0800] "GET /?author=32 HTTP/1.1" 301 - "-" "Mozilla/5.0 (Macintosh; Intel Mac OS X 10_10; rv:33.0) Gecko/20100101 Firefox/33.0" "cargohs.com"
34.123.38.23 - - [06/Jan/2023:02:58:34 -0800] "GET /?author=33 HTTP/1.1" 301 - "-" "Mozilla/5.0 (Macintosh; Intel Mac OS X 10_10; rv:33.0) Gecko/20100101 Firefox/33.0" "cargohs.com"
103.74.120.142 - - [06/Jan/2023:02:58:33 -0800] "GET /?author=36 HTTP/1.1" 301 - "-" "Mozilla/5.0 (Windows NT 6.3; Win64; x64) AppleWebKit/537.36 (KHTML, like Gecko) Chrome/60.0.3112.113 Safari/537.36" "cargohs.com"
34.123.38.23 - - [06/Jan/2023:02:58:37 -0800] "GET /?author=34 HTTP/1.1" 301 - "-" "Mozilla/5.0 (Macintosh; Intel Mac OS X 10_10; rv:33.0) Gecko/20100101 Firefox/33.0" "cargohs.com"
103.74.120.142 - - [06/Jan/2023:02:58:38 -0800] "GET /?author=37 HTTP/1.1" 301 - "-" "Mozilla/5.0 (Windows NT 6.3; Win64; x64) AppleWebKit/537.36 (KHTML, like Gecko) Chrome/60.0.3112.113 Safari/537.36" "cargohs.com"
34.123.38.23 - - [06/Jan/2023:02:58:42 -0800] "GET /?author=35 HTTP/1.1" 301 - "-" "Mozilla/5.0 (Macintosh; Intel Mac OS X 10_10; rv:33.0) Gecko/20100101 Firefox/33.0" "cargohs.com"
103.74.120.142 - - [06/Jan/2023:02:58:43 -0800] "GET /?author=38 HTTP/1.1" 301 - "-" "Mozilla/5.0 (Windows NT 6.3; Win64; x64) AppleWebKit/537.36 (KHTML, like Gecko) Chrome/60.0.3112.113 Safari/537.36" "cargohs.com"
34.123.38.23 - - [06/Jan/2023:02:58:45 -0800] "GET /?author=36 HTTP/1.1" 301 - "-" "Mozilla/5.0 (Macintosh; Intel Mac OS X 10_10; rv:33.0) Gecko/20100101 Firefox/33.0" "cargohs.com"
103.74.120.142 - - [06/Jan/2023:02:58:48 -0800] "GET /?author=39 HTTP/1.1" 301 - "-" "Mozilla/5.0 (Windows NT 6.3; Win64; x64) AppleWebKit/537.36 (KHTML, like Gecko) Chrome/60.0.3112.113 Safari/537.36" "cargohs.com"
34.123.38.23 - - [06/Jan/2023:02:58:49 -0800] "GET /?author=37 HTTP/1.1" 301 - "-" "Mozilla/5.0 (Macintosh; Intel Mac OS X 10_10; rv:33.0) Gecko/20100101 Firefox/33.0" "cargohs.com"
34.123.38.23 - - [06/Jan/2023:02:58:52 -0800] "GET /?author=38 HTTP/1.1" 301 - "-" "Mozilla/5.0 (Macintosh; Intel Mac OS X 10_10; rv:33.0) Gecko/20100101 Firefox/33.0" "cargohs.com"
103.74.120.142 - - [06/Jan/2023:02:58:53 -0800] "GET /?author=40 HTTP/1.1" 301 - "-" "Mozilla/5.0 (Windows NT 6.3; Win64; x64) AppleWebKit/537.36 (KHTML, like Gecko) Chrome/60.0.3112.113 Safari/537.36" "cargohs.com"
34.123.38.23 - - [06/Jan/2023:02:58:56 -0800] "GET /?author=39 HTTP/1.1" 301 - "-" "Mozilla/5.0 (Macintosh; Intel Mac OS X 10_10; rv:33.0) Gecko/20100101 Firefox/33.0" "cargohs.com"
34.123.38.23 - - [06/Jan/2023:02:59:01 -0800] "GET /?author=40 HTTP/1.1" 301 - "-" "Mozilla/5.0 (Macintosh; Intel Mac OS X 10_10; rv:33.0) Gecko/20100101 Firefox/33.0" "cargohs.com"
104.196.45.18 - - [06/Jan/2023:02:59:10 -0800] "GET /?author=41 HTTP/1.1" 301 - "-" "Mozilla/5.0 (iPad; CPU OS 14_6 like Mac OS X) AppleWebKit/605.1.15 (KHTML, like Gecko) CriOS/91.0.4472.80 Mobile/15E148 Safari/604.1" "cargohs.com"
104.196.45.18 - - [06/Jan/2023:02:59:14 -0800] "GET /?author=42 HTTP/1.1" 301 - "-" "Mozilla/5.0 (iPad; CPU OS 14_6 like Mac OS X) AppleWebKit/605.1.15 (KHTML, like Gecko) CriOS/91.0.4472.80 Mobile/15E148 Safari/604.1" "cargohs.com"
104.196.45.18 - - [06/Jan/2023:02:59:19 -0800] "GET /?author=43 HTTP/1.1" 301 - "-" "Mozilla/5.0 (iPad; CPU OS 14_6 like Mac OS X) AppleWebKit/605.1.15 (KHTML, like Gecko) CriOS/91.0.4472.80 Mobile/15E148 Safari/604.1" "cargohs.com"
104.196.45.18 - - [06/Jan/2023:02:59:23 -0800] "GET /?author=44 HTTP/1.1" 301 - "-" "Mozilla/5.0 (iPad; CPU OS 14_6 like Mac OS X) AppleWebKit/605.1.15 (KHTML, like Gecko) CriOS/91.0.4472.80 Mobile/15E148 Safari/604.1" "cargohs.com"
104.196.45.18 - - [06/Jan/2023:02:59:27 -0800] "GET /?author=45 HTTP/1.1" 301 - "-" "Mozilla/5.0 (iPad; CPU OS 14_6 like Mac OS X) AppleWebKit/605.1.15 (KHTML, like Gecko) CriOS/91.0.4472.80 Mobile/15E148 Safari/604.1" "cargohs.com"
104.196.45.18 - - [06/Jan/2023:02:59:32 -0800] "GET /?author=46 HTTP/1.1" 301 - "-" "Mozilla/5.0 (iPad; CPU OS 14_6 like Mac OS X) AppleWebKit/605.1.15 (KHTML, like Gecko) CriOS/91.0.4472.80 Mobile/15E148 Safari/604.1" "cargohs.com"
104.196.45.18 - - [06/Jan/2023:02:59:36 -0800] "GET /?author=47 HTTP/1.1" 301 - "-" "Mozilla/5.0 (iPad; CPU OS 14_6 like Mac OS X) AppleWebKit/605.1.15 (KHTML, like Gecko) CriOS/91.0.4472.80 Mobile/15E148 Safari/604.1" "cargohs.com"
104.196.45.18 - - [06/Jan/2023:02:59:41 -0800] "GET /?author=48 HTTP/1.1" 301 - "-" "Mozilla/5.0 (iPad; CPU OS 14_6 like Mac OS X) AppleWebKit/605.1.15 (KHTML, like Gecko) CriOS/91.0.4472.80 Mobile/15E148 Safari/604.1" "cargohs.com"
104.196.45.18 - - [06/Jan/2023:02:59:44 -0800] "GET /?author=49 HTTP/1.1" 301 - "-" "Mozilla/5.0 (iPad; CPU OS 14_6 like Mac OS X) AppleWebKit/605.1.15 (KHTML, like Gecko) CriOS/91.0.4472.80 Mobile/15E148 Safari/604.1" "cargohs.com"
104.196.45.18 - - [06/Jan/2023:02:59:49 -0800] "GET /?author=50 HTTP/1.1" 301 - "-" "Mozilla/5.0 (iPad; CPU OS 14_6 like Mac OS X) AppleWebKit/605.1.15 (KHTML, like Gecko) CriOS/91.0.4472.80 Mobile/15E148 Safari/604.1" "cargohs.com"
102.115.241.150 - - [06/Jan/2023:03:00:13 -0800] "GET /wp-includes/css/dist/block-library/style.min.css?ver=5.0.18 HTTP/1.1" 200 4302 "https://www.cargohs.com/" "Mozilla/5.0 (Windows NT 10.0; Win64; x64) AppleWebKit/537.36 (KHTML, like Gecko) Chrome/108.0.0.0 Safari/537.36 Edg/108.0.1462.54" "www.cargohs.com"
102.115.241.150 - - [06/Jan/2023:03:00:13 -0800] "GET /wp-content/themes/Divi/style.css?ver=3.19.15 HTTP/1.1" 200 67334 "https://www.cargohs.com/" "Mozilla/5.0 (Windows NT 10.0; Win64; x64) AppleWebKit/537.36 (KHTML, like Gecko) Chrome/108.0.0.0 Safari/537.36 Edg/108.0.1462.54" "www.cargohs.com"
102.115.241.150 - - [06/Jan/2023:03:00:13 -0800] "GET /wp-content/plugins/a3-lazy-load/assets/css/jquery.lazyloadxt.spinner.css?ver=5.0.18 HTTP/1.1" 200 175 "https://www.cargohs.com/" "Mozilla/5.0 (Windows NT 10.0; Win64; x64) AppleWebKit/537.36 (KHTML, like Gecko) Chrome/108.0.0.0 Safari/537.36 Edg/108.0.1462.54" "www.cargohs.com"
102.115.241.150 - - [06/Jan/2023:03:00:13 -0800] "GET /wp-content/uploads/sass/a3_lazy_load.min.css?ver=1521939926 HTTP/1.1" 200 112 "https://www.cargohs.com/" "Mozilla/5.0 (Windows NT 10.0; Win64; x64) AppleWebKit/537.36 (KHTML, like Gecko) Chrome/108.0.0.0 Safari/537.36 Edg/108.0.1462.54" "www.cargohs.com"
102.115.241.150 - - [06/Jan/2023:03:00:14 -0800] "GET /wp-includes/css/dashicons.min.css?ver=5.0.18 HTTP/1.1" 200 28645 "https://www.cargohs.com/" "Mozilla/5.0 (Windows NT 10.0; Win64; x64) AppleWebKit/537.36 (KHTML, like Gecko) Chrome/108.0.0.0 Safari/537.36 Edg/108.0.1462.54" "www.cargohs.com"
102.115.241.150 - - [06/Jan/2023:03:00:14 -0800] "GET /wp-includes/js/jquery/jquery-migrate.min.js?ver=1.4.1 HTTP/1.1" 200 4014 "https://www.cargohs.com/" "Mozilla/5.0 (Windows NT 10.0; Win64; x64) AppleWebKit/537.36 (KHTML, like Gecko) Chrome/108.0.0.0 Safari/537.36 Edg/108.0.1462.54" "www.cargohs.com"
102.115.241.150 - - [06/Jan/2023:03:00:14 -0800] "GET /wp-includes/js/jquery/jquery.js?ver=1.12.4 HTTP/1.1" 200 33776 "https://www.cargohs.com/" "Mozilla/5.0 (Windows NT 10.0; Win64; x64) AppleWebKit/537.36 (KHTML, like Gecko) Chrome/108.0.0.0 Safari/537.36 Edg/108.0.1462.54" "www.cargohs.com"
102.115.241.150 - - [06/Jan/2023:03:00:14 -0800] "GET /wp-includes/js/wp-emoji-release.min.js?ver=5.0.18 HTTP/1.1" 200 4347 "https://www.cargohs.com/" "Mozilla/5.0 (Windows NT 10.0; Win64; x64) AppleWebKit/537.36 (KHTML, like Gecko) Chrome/108.0.0.0 Safari/537.36 Edg/108.0.1462.54" "www.cargohs.com"
102.115.241.150 - - [06/Jan/2023:03:00:08 -0800] "GET / HTTP/1.1" 200 36348 "https://www.bing.com/" "Mozilla/5.0 (Windows NT 10.0; Win64; x64) AppleWebKit/537.36 (KHTML, like Gecko) Chrome/108.0.0.0 Safari/537.36 Edg/108.0.1462.54" "www.cargohs.com"
102.115.241.150 - - [06/Jan/2023:03:00:16 -0800] "GET /wp-content/cache/et/174/et-core-unified-16711557942228.min.css HTTP/1.1" 200 5022 "https://www.cargohs.com/" "Mozilla/5.0 (Windows NT 10.0; Win64; x64) AppleWebKit/537.36 (KHTML, like Gecko) Chrome/108.0.0.0 Safari/537.36 Edg/108.0.1462.54" "www.cargohs.com"
102.115.241.150 - - [06/Jan/2023:03:00:16 -0800] "GET /wp-content/uploads/2019/02/chs-logo.png HTTP/1.1" 200 173881 "https://www.cargohs.com/" "Mozilla/5.0 (Windows NT 10.0; Win64; x64) AppleWebKit/537.36 (KHTML, like Gecko) Chrome/108.0.0.0 Safari/537.36 Edg/108.0.1462.54" "www.cargohs.com"
102.115.241.150 - - [06/Jan/2023:03:00:16 -0800] "GET /wp-content/themes/Divi/js/custom.min.js?ver=3.19.15 HTTP/1.1" 200 61573 "https://www.cargohs.com/" "Mozilla/5.0 (Windows NT 10.0; Win64; x64) AppleWebKit/537.36 (KHTML, like Gecko) Chrome/108.0.0.0 Safari/537.36 Edg/108.0.1462.54" "www.cargohs.com"
102.115.241.150 - - [06/Jan/2023:03:00:16 -0800] "GET /wp-content/plugins/a3-lazy-load/assets/js/jquery.lazyloadxt.extra.min.js?ver=1.9.2 HTTP/1.1" 200 1547 "https://www.cargohs.com/" "Mozilla/5.0 (Windows NT 10.0; Win64; x64) AppleWebKit/537.36 (KHTML, like Gecko) Chrome/108.0.0.0 Safari/537.36 Edg/108.0.1462.54" "www.cargohs.com"
102.115.241.150 - - [06/Jan/2023:03:00:17 -0800] "GET /wp-content/themes/Divi/core/admin/fonts/modules.ttf HTTP/1.1" 200 92400 "https://www.cargohs.com/wp-content/themes/Divi/style.css?ver=3.19.15" "Mozilla/5.0 (Windows NT 10.0; Win64; x64) AppleWebKit/537.36 (KHTML, like Gecko) Chrome/108.0.0.0 Safari/537.36 Edg/108.0.1462.54" "www.cargohs.com"
102.115.241.150 - - [06/Jan/2023:03:00:17 -0800] "GET /wp-content/uploads/2018/03/pexels-photo-221047.jpeg HTTP/1.1" 200 761045 "https://www.cargohs.com/" "Mozilla/5.0 (Windows NT 10.0; Win64; x64) AppleWebKit/537.36 (KHTML, like Gecko) Chrome/108.0.0.0 Safari/537.36 Edg/108.0.1462.54" "www.cargohs.com"
102.115.241.150 - - [06/Jan/2023:03:00:17 -0800] "GET /wp-content/plugins/a3-lazy-load/assets/images/lazy_placeholder.gif HTTP/1.1" 200 42 "https://www.cargohs.com/" "Mozilla/5.0 (Windows NT 10.0; Win64; x64) AppleWebKit/537.36 (KHTML, like Gecko) Chrome/108.0.0.0 Safari/537.36 Edg/108.0.1462.54" "www.cargohs.com"
102.115.241.150 - - [06/Jan/2023:03:00:17 -0800] "GET /wp-content/plugins/a3-lazy-load/assets/js/jquery.lazyloadxt.srcset.min.js?ver=1.9.2 HTTP/1.1" 200 703 "https://www.cargohs.com/" "Mozilla/5.0 (Windows NT 10.0; Win64; x64) AppleWebKit/537.36 (KHTML, like Gecko) Chrome/108.0.0.0 Safari/537.36 Edg/108.0.1462.54" "www.cargohs.com"
102.115.241.150 - - [06/Jan/2023:03:00:18 -0800] "GET /wp-includes/js/wp-embed.min.js?ver=5.0.18 HTTP/1.1" 200 739 "https://www.cargohs.com/" "Mozilla/5.0 (Windows NT 10.0; Win64; x64) AppleWebKit/537.36 (KHTML, like Gecko) Chrome/108.0.0.0 Safari/537.36 Edg/108.0.1462.54" "www.cargohs.com"
102.115.241.150 - - [06/Jan/2023:03:00:18 -0800] "GET /wp-content/plugins/a3-lazy-load/assets/js/jquery.lazyloadxt.extend.js?ver=1.9.2 HTTP/1.1" 200 348 "https://www.cargohs.com/" "Mozilla/5.0 (Windows NT 10.0; Win64; x64) AppleWebKit/537.36 (KHTML, like Gecko) Chrome/108.0.0.0 Safari/537.36 Edg/108.0.1462.54" "www.cargohs.com"
102.115.241.150 - - [06/Jan/2023:03:00:18 -0800] "GET /wp-content/plugins/a3-lazy-load/assets/css/loading.gif HTTP/1.1" 200 1690 "https://www.cargohs.com/wp-content/plugins/a3-lazy-load/assets/css/jquery.lazyloadxt.spinner.css?ver=5.0.18" "Mozilla/5.0 (Windows NT 10.0; Win64; x64) AppleWebKit/537.36 (KHTML, like Gecko) Chrome/108.0.0.0 Safari/537.36 Edg/108.0.1462.54" "www.cargohs.com"
102.115.241.150 - - [06/Jan/2023:03:00:18 -0800] "GET /wp-content/uploads/2018/05/IMG_0266.jpg HTTP/1.1" 200 1910823 "https://www.cargohs.com/" "Mozilla/5.0 (Windows NT 10.0; Win64; x64) AppleWebKit/537.36 (KHTML, like Gecko) Chrome/108.0.0.0 Safari/537.36 Edg/108.0.1462.54" "www.cargohs.com"
102.115.241.150 - - [06/Jan/2023:03:00:18 -0800] "GET /wp-content/plugins/divi-builder/core/admin/js/common.js?ver=3.19.15 HTTP/1.1" 200 577 "https://www.cargohs.com/" "Mozilla/5.0 (Windows NT 10.0; Win64; x64) AppleWebKit/537.36 (KHTML, like Gecko) Chrome/108.0.0.0 Safari/537.36 Edg/108.0.1462.54" "www.cargohs.com"
102.115.241.150 - - [06/Jan/2023:03:00:18 -0800] "GET /staging/wp-content/uploads/2018/03/consutant-03.jpg HTTP/1.1" 404 88 "https://www.cargohs.com/" "Mozilla/5.0 (Windows NT 10.0; Win64; x64) AppleWebKit/537.36 (KHTML, like Gecko) Chrome/108.0.0.0 Safari/537.36 Edg/108.0.1462.54" "cargohs.com"
102.115.241.150 - - [06/Jan/2023:03:00:28 -0800] "GET /favicon.ico HTTP/1.1" 404 88 "https://www.cargohs.com/" "Mozilla/5.0 (Windows NT 10.0; Win64; x64) AppleWebKit/537.36 (KHTML, like Gecko) Chrome/108.0.0.0 Safari/537.36 Edg/108.0.1462.54" "www.cargohs.com"
66.249.64.211 - - [06/Jan/2023:03:48:14 -0800] "GET /robots.txt HTTP/1.1" 404 88 "-" "Mozilla/5.0 (compatible; Googlebot/2.1; +http://www.google.com/bot.html)" "www.cargohs.com"
10.247.24.56 - - [06/Jan/2023:03:49:17 -0800] "POST /wp-cron.php?doing_wp_cron=1673005757.7106881141662597656250 HTTP/1.1" 200 - "https://www.cargohs.com/wp-cron.php?doing_wp_cron=1673005757.7106881141662597656250" "WordPress/5.0.18; https://www.cargohs.com" "www.cargohs.com"
47.243.248.52 - - [06/Jan/2023:04:03:28 -0800] "GET /wp-content/uploads/2019/02/chs-logo.png HTTP/1.1" 200 173881 "-" "Mozilla/5.0 (Windows NT 10.0; Win64; x64) AppleWebKit/537.36 (KHTML, like Gecko) Chrome/103.0.0.0 Safari/537.36" "www.cargohs.com"
47.243.248.52 - - [06/Jan/2023:04:03:32 -0800] "GET /wp-content/uploads/2019/02/chs-logo.png HTTP/1.1" 200 173881 "-" "Mozilla/5.0 (Windows NT 10.0; Win64; x64) AppleWebKit/537.36 (KHTML, like Gecko) Chrome/103.0.0.0 Safari/537.36" "www.cargohs.com"
188.147.12.9 - - [06/Jan/2023:04:24:24 -0800] "HEAD /?page_id=178 HTTP/1.1" 200 - "-" "Mozilla 5.0 (Windows NT 10.0; Win64; x64) AppleWebKit 537.36 (KHTML, like Gecko) Chrome 78.0.3904.97 Safari 537.36 OPR 65.0.3467.48" "www.cargohs.com"
10.247.24.57 - - [06/Jan/2023:04:24:28 -0800] "POST /wp-cron.php?doing_wp_cron=1673007868.4407629966735839843750 HTTP/1.1" 200 - "https://www.cargohs.com/wp-cron.php?doing_wp_cron=1673007868.4407629966735839843750" "WordPress/5.0.18; https://www.cargohs.com" "www.cargohs.com"
188.147.12.9 - - [06/Jan/2023:04:24:32 -0800] "GET /?page_id=178 HTTP/1.1" 200 22707 "-" "Mozilla/5.0 (Windows NT 6.3; Win64; x64) AppleWebKit/537.36 (KHTML, like Gecko) Chrome/78.0.3904.97 Safari/537.36 OPR/64.0.3417.92" "www.cargohs.com"
207.46.13.211 - - [06/Jan/2023:04:47:36 -0800] "GET /contact_us HTTP/1.1" 200 443215 "-" "Mozilla/5.0 (compatible; bingbot/2.0; +http://www.bing.com/bingbot.htm)" "cargohs.com"
5.188.86.198 - - [06/Jan/2023:04:49:52 -0800] "POST /wp-login.php HTTP/1.1" 200 3898 "-" "Mozilla/5.0 (Windows NT 6.3; WOW64; rv:43.0) Gecko/20100101 Firefox/43.0" "cargohs.com"
10.247.24.55 - - [06/Jan/2023:04:49:55 -0800] "POST /wp-cron.php?doing_wp_cron=1673009395.0464169979095458984375 HTTP/1.1" 200 - "https://www.cargohs.com/wp-cron.php?doing_wp_cron=1673009395.0464169979095458984375" "WordPress/5.0.18; http://www.cargohs.com" "www.cargohs.com"
118.184.177.51 - - [06/Jan/2023:04:51:51 -0800] "GET / HTTP/1.1" 301 - "-" "Sogou web spider/4.0(+http://www.sogou.com/docs/help/webmasters.htm#07)" "cargohs.com"
5.188.86.227 - - [06/Jan/2023:04:54:33 -0800] "GET /wp-json/wp/v2/users HTTP/1.1" 404 88 "-" "Mozilla/5.5 (Windows NT 6.5; Win64; x64) AppleWebKit/529 (KHTML, like Gecko) Chrome/79.2.4 Safari/57" "cargohs.com"
5.188.86.227 - - [06/Jan/2023:04:54:33 -0800] "GET /?rest_route=/wp/v2/users HTTP/1.1" 200 621 "-" "Mozilla/5.5 (Windows NT 6.5; Win64; x64) AppleWebKit/529 (KHTML, like Gecko) Chrome/79.2.4 Safari/57" "cargohs.com"
118.184.177.50 - - [06/Jan/2023:04:57:15 -0800] "GET / HTTP/1.1" 200 36340 "-" "Sogou web spider/4.0(+http://www.sogou.com/docs/help/webmasters.htm#07)" "www.cargohs.com"
223.29.254.229 - - [06/Jan/2023:05:03:24 -0800] "GET / HTTP/1.1" 200 36346 "-" "Mozilla/5.0 (Windows NT 10.0; WOW64; x64) AppleWebKit/537.36 (KHTML, like Gecko) Chrome/103.0.0.0 Safari/537.36 OPR/89.0.4447.51" "www.cargohs.com"
194.36.96.5 - - [06/Jan/2023:05:03:40 -0800] "GET / HTTP/1.1" 301 - "http://cargohs.com" "Mozilla/5.0 (Windows NT 10.0; WOW64; x64) AppleWebKit/537.36 (KHTML, like Gecko) Chrome/103.0.0.0 Safari/537.36 OPR/89.0.4447.51" "cargohs.com"
194.36.96.5 - - [06/Jan/2023:05:03:45 -0800] "GET / HTTP/1.1" 200 36348 "https://cargohs.com/" "Mozilla/5.0 (Windows NT 10.0; WOW64; x64) AppleWebKit/537.36 (KHTML, like Gecko) Chrome/103.0.0.0 Safari/537.36 OPR/89.0.4447.51" "www.cargohs.com"
223.29.254.229 - - [06/Jan/2023:05:03:58 -0800] "GET /xmlrpc.php?rsd HTTP/1.1" 200 844 "https://www.cargohs.com/" "Mozilla/5.0 (Windows NT 10.0; WOW64; x64) AppleWebKit/537.36 (KHTML, like Gecko) Chrome/103.0.0.0 Safari/537.36 OPR/89.0.4447.51" "www.cargohs.com"
223.29.254.229 - - [06/Jan/2023:05:04:06 -0800] "GET /?page_id=182 HTTP/1.1" 200 27377 "https://www.cargohs.com/" "Mozilla/5.0 (Windows NT 10.0; WOW64; x64) AppleWebKit/537.36 (KHTML, like Gecko) Chrome/103.0.0.0 Safari/537.36 OPR/89.0.4447.51" "www.cargohs.com"
223.29.254.229 - - [06/Jan/2023:05:04:22 -0800] "GET /xmlrpc.php HTTP/1.1" 405 42 "https://www.cargohs.com/" "Mozilla/5.0 (Windows NT 10.0; WOW64; x64) AppleWebKit/537.36 (KHTML, like Gecko) Chrome/103.0.0.0 Safari/537.36 OPR/89.0.4447.51" "www.cargohs.com"
223.29.254.229 - - [06/Jan/2023:05:04:30 -0800] "GET /?page_id=178 HTTP/1.1" 200 22707 "https://www.cargohs.com/" "Mozilla/5.0 (Windows NT 10.0; WOW64; x64) AppleWebKit/537.36 (KHTML, like Gecko) Chrome/103.0.0.0 Safari/537.36 OPR/89.0.4447.51" "www.cargohs.com"
223.29.254.229 - - [06/Jan/2023:05:04:40 -0800] "GET /wp-includes/wlwmanifest.xml HTTP/1.1" 200 460 "https://www.cargohs.com/" "Mozilla/5.0 (Windows NT 10.0; WOW64; x64) AppleWebKit/537.36 (KHTML, like Gecko) Chrome/103.0.0.0 Safari/537.36 OPR/89.0.4447.51" "www.cargohs.com"
194.36.96.87 - - [06/Jan/2023:05:04:42 -0800] "GET /?page_id=178 HTTP/1.1" 200 22707 "http://www.cargohs.com/?page_id=178" "Mozilla/5.0 (Windows NT 10.0; WOW64; x64) AppleWebKit/537.36 (KHTML, like Gecko) Chrome/103.0.0.0 Safari/537.36 OPR/89.0.4447.51" "www.cargohs.com"
223.29.254.229 - - [06/Jan/2023:05:04:51 -0800] "GET /index.php?rest_route=/ HTTP/1.1" 200 96931 "https://www.cargohs.com/" "Mozilla/5.0 (Windows NT 10.0; WOW64; x64) AppleWebKit/537.36 (KHTML, like Gecko) Chrome/103.0.0.0 Safari/537.36 OPR/89.0.4447.51" "www.cargohs.com"
223.29.254.229 - - [06/Jan/2023:05:05:07 -0800] "GET /tel:4156567402 HTTP/1.1" 404 88 "https://www.cargohs.com/" "Mozilla/5.0 (Windows NT 10.0; WOW64; x64) AppleWebKit/537.36 (KHTML, like Gecko) Chrome/103.0.0.0 Safari/537.36 OPR/89.0.4447.51" "www.cargohs.com"
223.29.254.229 - - [06/Jan/2023:05:05:10 -0800] "GET /index.php?rest_route=%2Foembed%2F1.0%2Fembed& HTTP/1.1" 400 115 "https://www.cargohs.com/" "Mozilla/5.0 (Windows NT 10.0; WOW64; x64) AppleWebKit/537.36 (KHTML, like Gecko) Chrome/103.0.0.0 Safari/537.36 OPR/89.0.4447.51" "www.cargohs.com"
223.29.254.229 - - [06/Jan/2023:05:05:15 -0800] "GET / HTTP/1.1" 200 36346 "https://www.cargohs.com/" "Mozilla/5.0 (Windows NT 10.0; WOW64; x64) AppleWebKit/537.36 (KHTML, like Gecko) Chrome/103.0.0.0 Safari/537.36 OPR/89.0.4447.51" "www.cargohs.com"
223.29.254.229 - - [06/Jan/2023:05:05:28 -0800] "GET /?feed=rss2 HTTP/1.1" 200 13096 "https://www.cargohs.com/" "Mozilla/5.0 (Windows NT 10.0; WOW64; x64) AppleWebKit/537.36 (KHTML, like Gecko) Chrome/103.0.0.0 Safari/537.36 OPR/89.0.4447.51" "www.cargohs.com"
223.29.254.229 - - [06/Jan/2023:05:05:37 -0800] "GET / HTTP/1.1" 200 36348 "https://www.cargohs.com/" "Mozilla/5.0 (Windows NT 10.0; WOW64; x64) AppleWebKit/537.36 (KHTML, like Gecko) Chrome/103.0.0.0 Safari/537.36 OPR/89.0.4447.51" "www.cargohs.com"
223.29.254.229 - - [06/Jan/2023:05:05:50 -0800] "POST / HTTP/1.1" 200 33591 "https://www.cargohs.com/" "Mozilla/5.0 (Windows NT 10.0; WOW64; x64) AppleWebKit/537.36 (KHTML, like Gecko) Chrome/103.0.0.0 Safari/537.36 OPR/89.0.4447.51" "www.cargohs.com"
10.247.24.57 - - [06/Jan/2023:05:17:25 -0800] "POST /wp-cron.php?doing_wp_cron=1673011045.3720149993896484375000 HTTP/1.1" 200 - "https://www.cargohs.com/wp-cron.php?doing_wp_cron=1673011045.3720149993896484375000" "WordPress/5.0.18; https://www.cargohs.com" "www.cargohs.com"
123.125.109.45 - - [06/Jan/2023:05:17:21 -0800] "GET / HTTP/1.1" 200 36340 "-" "Sogou web spider/4.0(+http://www.sogou.com/docs/help/webmasters.htm#07)" "www.cargohs.com"
20.191.45.212 - - [06/Jan/2023:05:32:22 -0800] "GET / HTTP/1.1" 200 36340 "https://www.cargohs.com/" "Mozilla/5.0 (compatible; DuckDuckGo-Favicons-Bot/1.0; +http://duckduckgo.com)" "www.cargohs.com"
20.191.45.212 - - [06/Jan/2023:05:32:30 -0800] "GET /favicon.ico HTTP/1.1" 404 88 "https://www.cargohs.com/favicon.ico" "Mozilla/5.0 (compatible; DuckDuckGo-Favicons-Bot/1.0; +http://duckduckgo.com)" "www.cargohs.com"
20.191.45.212 - - [06/Jan/2023:05:32:31 -0800] "GET /favicon.ico HTTP/1.1" 404 88 "https://www.cargohs.com/favicon.ico" "Mozilla/5.0 (compatible; DuckDuckGo-Favicons-Bot/1.0; +http://duckduckgo.com)" "www.cargohs.com"
118.184.177.50 - - [06/Jan/2023:05:54:44 -0800] "GET / HTTP/1.1" 200 36338 "-" "Sogou web spider/4.0(+http://www.sogou.com/docs/help/webmasters.htm#07)" "www.cargohs.com"
69.160.160.54 - - [06/Jan/2023:06:07:11 -0800] "GET / HTTP/1.1" 301 - "http://cargohs.com" "Mozilla/5.0 AppleWebKit/537.36 (KHTML, like Gecko; compatible; Nicecrawler/1.1; +http://www.nicecrawler.com/) Chrome/90.0.4430.97 Safari/537.36" "cargohs.com"
69.160.160.54 - - [06/Jan/2023:06:07:21 -0800] "GET / HTTP/1.1" 301 - "-" "Mozilla/5.0 (X11; Linux x86_64) AppleWebKit/537.36 (KHTML, like Gecko) HeadlessChrome/80.0.3987.132 Safari/537.36" "cargohs.com"
69.160.160.54 - - [06/Jan/2023:06:07:32 -0800] "GET /wp-includes/css/dist/block-library/style.min.css?ver=5.0.18 HTTP/1.1" 200 4302 "https://www.cargohs.com/" "Mozilla/5.0 (X11; Linux x86_64) AppleWebKit/537.36 (KHTML, like Gecko) HeadlessChrome/80.0.3987.132 Safari/537.36" "www.cargohs.com"
69.160.160.54 - - [06/Jan/2023:06:07:32 -0800] "GET /wp-includes/js/jquery/jquery-migrate.min.js?ver=1.4.1 HTTP/1.1" 200 4014 "https://www.cargohs.com/" "Mozilla/5.0 (X11; Linux x86_64) AppleWebKit/537.36 (KHTML, like Gecko) HeadlessChrome/80.0.3987.132 Safari/537.36" "www.cargohs.com"
69.160.160.54 - - [06/Jan/2023:06:07:32 -0800] "GET /wp-content/plugins/a3-lazy-load/assets/css/jquery.lazyloadxt.spinner.css?ver=5.0.18 HTTP/1.1" 200 175 "https://www.cargohs.com/" "Mozilla/5.0 (X11; Linux x86_64) AppleWebKit/537.36 (KHTML, like Gecko) HeadlessChrome/80.0.3987.132 Safari/537.36" "www.cargohs.com"
69.160.160.54 - - [06/Jan/2023:06:07:32 -0800] "GET /wp-includes/css/dashicons.min.css?ver=5.0.18 HTTP/1.1" 200 28645 "https://www.cargohs.com/" "Mozilla/5.0 (X11; Linux x86_64) AppleWebKit/537.36 (KHTML, like Gecko) HeadlessChrome/80.0.3987.132 Safari/537.36" "www.cargohs.com"
69.160.160.54 - - [06/Jan/2023:06:07:32 -0800] "GET /wp-content/uploads/sass/a3_lazy_load.min.css?ver=1521939926 HTTP/1.1" 200 112 "https://www.cargohs.com/" "Mozilla/5.0 (X11; Linux x86_64) AppleWebKit/537.36 (KHTML, like Gecko) HeadlessChrome/80.0.3987.132 Safari/537.36" "www.cargohs.com"
69.160.160.54 - - [06/Jan/2023:06:07:32 -0800] "GET /wp-includes/js/jquery/jquery.js?ver=1.12.4 HTTP/1.1" 200 33776 "https://www.cargohs.com/" "Mozilla/5.0 (X11; Linux x86_64) AppleWebKit/537.36 (KHTML, like Gecko) HeadlessChrome/80.0.3987.132 Safari/537.36" "www.cargohs.com"
69.160.160.54 - - [06/Jan/2023:06:07:32 -0800] "GET /wp-content/themes/Divi/style.css?ver=3.19.15 HTTP/1.1" 200 67334 "https://www.cargohs.com/" "Mozilla/5.0 (X11; Linux x86_64) AppleWebKit/537.36 (KHTML, like Gecko) HeadlessChrome/80.0.3987.132 Safari/537.36" "www.cargohs.com"
69.160.160.54 - - [06/Jan/2023:06:07:32 -0800] "GET /wp-includes/js/wp-emoji-release.min.js?ver=5.0.18 HTTP/1.1" 200 4347 "https://www.cargohs.com/" "Mozilla/5.0 (X11; Linux x86_64) AppleWebKit/537.36 (KHTML, like Gecko) HeadlessChrome/80.0.3987.132 Safari/537.36" "www.cargohs.com"
69.160.160.54 - - [06/Jan/2023:06:07:27 -0800] "GET / HTTP/1.1" 200 36348 "-" "Mozilla/5.0 (X11; Linux x86_64) AppleWebKit/537.36 (KHTML, like Gecko) HeadlessChrome/80.0.3987.132 Safari/537.36" "www.cargohs.com"
69.160.160.54 - - [06/Jan/2023:06:07:50 -0800] "GET / HTTP/1.1" 301 - "-" "Mozilla/5.0 AppleWebKit/537.36 (KHTML, like Gecko; compatible; Nicecrawler/1.1; +http://www.nicecrawler.com/) Chrome/90.0.4430.97 Safari/537.36" "cargohs.com"
69.160.160.54 - - [06/Jan/2023:06:07:56 -0800] "GET / HTTP/1.1" 200 36340 "-" "Mozilla/5.0 AppleWebKit/537.36 (KHTML, like Gecko; compatible; Nicecrawler/1.1; +http://www.nicecrawler.com/) Chrome/90.0.4430.97 Safari/537.36" "www.cargohs.com"
69.160.160.54 - - [06/Jan/2023:06:08:04 -0800] "GET / HTTP/1.1" 301 - "-" "Mozilla/5.0 (Windows NT 10.0; Win64; x64) AppleWebKit/537.36 (KHTML, like Gecko) Chrome/79.0.3945.130 Safari/537.36" "cargohs.com"
69.160.160.54 - - [06/Jan/2023:06:08:04 -0800] "GET /?page_id=178 HTTP/1.1" 200 22707 "-" "Mozilla/5.0 (Windows NT 10.0; Win64; x64) AppleWebKit/537.36 (KHTML, like Gecko) Chrome/79.0.3945.130 Safari/537.36" "www.cargohs.com"
69.160.160.54 - - [06/Jan/2023:06:08:10 -0800] "GET / HTTP/1.1" 200 36348 "-" "Mozilla/5.0 (Windows NT 10.0; Win64; x64) AppleWebKit/537.36 (KHTML, like Gecko) Chrome/79.0.3945.130 Safari/537.36" "www.cargohs.com"
69.160.160.54 - - [06/Jan/2023:06:08:11 -0800] "GET /?page_id=178 HTTP/1.1" 200 22707 "-" "Mozilla/5.0 (Windows NT 10.0; Win64; x64) AppleWebKit/537.36 (KHTML, like Gecko) Chrome/79.0.3945.130 Safari/537.36" "www.cargohs.com"
69.160.160.54 - - [06/Jan/2023:06:08:17 -0800] "GET /?page_id=182 HTTP/1.1" 200 27377 "-" "Mozilla/5.0 (Windows NT 10.0; Win64; x64) AppleWebKit/537.36 (KHTML, like Gecko) Chrome/79.0.3945.130 Safari/537.36" "www.cargohs.com"
51.222.253.2 - - [06/Jan/2023:06:15:54 -0800] "GET /robots.txt HTTP/1.1" 404 88 "-" "Mozilla/5.0 (compatible; AhrefsBot/7.0; +http://ahrefs.com/robot/)" "www.cargohs.com"
10.247.24.56 - - [06/Jan/2023:06:16:01 -0800] "POST /wp-cron.php?doing_wp_cron=1673014561.5378880500793457031250 HTTP/1.1" 200 - "https://www.cargohs.com/wp-cron.php?doing_wp_cron=1673014561.5378880500793457031250" "WordPress/5.0.18; https://www.cargohs.com" "www.cargohs.com"
51.222.253.20 - - [06/Jan/2023:06:15:57 -0800] "GET /?page_id=182 HTTP/1.1" 200 27369 "-" "Mozilla/5.0 (compatible; AhrefsBot/7.0; +http://ahrefs.com/robot/)" "www.cargohs.com"
51.222.253.20 - - [06/Jan/2023:06:16:11 -0800] "GET /wp-content/cache/et/182/et-core-unified-16711682557325.min.css HTTP/1.1" 200 4249 "-" "Mozilla/5.0 (compatible; AhrefsBot/7.0; +http://ahrefs.com/robot/)" "www.cargohs.com"
54.36.149.99 - - [06/Jan/2023:06:16:11 -0800] "GET /robots.txt HTTP/1.1" 404 88 "-" "Mozilla/5.0 (compatible; AhrefsBot/7.0; +http://ahrefs.com/robot/)" "www.cargohs.com"
51.222.253.15 - - [06/Jan/2023:06:16:21 -0800] "GET /wp-content/plugins/a3-lazy-load/assets/images/lazy_placeholder.gif HTTP/1.1" 200 42 "-" "Mozilla/5.0 (compatible; AhrefsBot/7.0; +http://ahrefs.com/robot/)" "www.cargohs.com"
79.124.8.3 - - [06/Jan/2023:06:22:09 -0800] "GET /wp-content/themes/seotheme/db.php?u HTTP/1.1" 404 88 "www.google.com" "Mozlila/5.0 (Linux; Android 7.0; SM-G892A Bulid/NRD90M; wv) AppleWebKit/537.36 (KHTML, like Gecko) Version/4.0 Chrome/60.0.3112.107 Moblie Safari/537.36" "www.cargohs.com"
79.124.8.3 - - [06/Jan/2023:06:22:14 -0800] "GET /wp-content/themes/seotheme/db.php?u HTTP/1.1" 404 88 "www.google.com" "Mozlila/5.0 (Linux; Android 7.0; SM-G892A Bulid/NRD90M; wv) AppleWebKit/537.36 (KHTML, like Gecko) Version/4.0 Chrome/60.0.3112.107 Moblie Safari/537.36" "www.cargohs.com"
118.184.177.50 - - [06/Jan/2023:06:41:19 -0800] "GET / HTTP/1.1" 200 36338 "-" "Sogou web spider/4.0(+http://www.sogou.com/docs/help/webmasters.htm#07)" "www.cargohs.com"
5.188.86.198 - - [06/Jan/2023:06:54:59 -0800] "POST /wp-login.php HTTP/1.1" 200 3898 "-" "Mozilla/5.0 (Windows NT 6.3; WOW64; rv:43.0) Gecko/20100101 Firefox/43.0" "www.cargohs.com"
118.184.177.50 - - [06/Jan/2023:06:55:14 -0800] "GET / HTTP/1.1" 200 36340 "-" "Sogou web spider/4.0(+http://www.sogou.com/docs/help/webmasters.htm#07)" "www.cargohs.com"
185.119.81.101 - - [06/Jan/2023:07:05:57 -0800] "GET /wp-login.php HTTP/1.1" 200 2952 "-" "Mozilla/5.0 (Windows NT 10.0; Win64; x64) AppleWebKit/537.36 (KHTML, like Gecko) Chrome/92.0.4515.131 Safari/537.36" "www.cargohs.com"
185.14.97.176 - - [06/Jan/2023:07:20:07 -0800] "GET / HTTP/1.1" 301 - "http://cargohs.com" "Mozilla/5.0 (Windows NT 5.1) AppleWebKit/537.36 (KHTML, like Gecko) Chrome/46.0.2490.71 Safari/537.36" "cargohs.com"
10.247.24.57 - - [06/Jan/2023:07:20:10 -0800] "POST /wp-cron.php?doing_wp_cron=1673018410.9209709167480468750000 HTTP/1.1" 200 - "https://www.cargohs.com/wp-cron.php?doing_wp_cron=1673018410.9209709167480468750000" "WordPress/5.0.18; https://www.cargohs.com" "www.cargohs.com"
44.242.159.163 - - [06/Jan/2023:07:39:49 -0800] "GET / HTTP/1.1" 301 - "-" "Python/3.8 aiohttp/3.8.1" "cargohs.com"
44.242.159.163 - - [06/Jan/2023:07:39:55 -0800] "GET / HTTP/1.1" 200 27576 "-" "Python/3.8 aiohttp/3.8.1" "www.cargohs.com"
70.36.19.66 - - [06/Jan/2023:08:04:55 -0800] "GET / HTTP/1.1" 301 - "-" "Mozilla/5.0 (Windows NT 10.0; Win64; x64) AppleWebKit/537.36 (KHTML, like Gecko) Chrome/108.0.0.0 Safari/537.36" "cargohs.com"
70.36.19.66 - - [06/Jan/2023:08:05:06 -0800] "GET /wp-includes/js/jquery/jquery.js?ver=1.12.4 HTTP/1.1" 200 33776 "https://www.cargohs.com/" "Mozilla/5.0 (Windows NT 10.0; Win64; x64) AppleWebKit/537.36 (KHTML, like Gecko) Chrome/108.0.0.0 Safari/537.36" "www.cargohs.com"
70.36.19.66 - - [06/Jan/2023:08:05:06 -0800] "GET /wp-includes/js/jquery/jquery-migrate.min.js?ver=1.4.1 HTTP/1.1" 200 4014 "https://www.cargohs.com/" "Mozilla/5.0 (Windows NT 10.0; Win64; x64) AppleWebKit/537.36 (KHTML, like Gecko) Chrome/108.0.0.0 Safari/537.36" "www.cargohs.com"
70.36.19.66 - - [06/Jan/2023:08:05:00 -0800] "GET / HTTP/1.1" 200 36348 "-" "Mozilla/5.0 (Windows NT 10.0; Win64; x64) AppleWebKit/537.36 (KHTML, like Gecko) Chrome/108.0.0.0 Safari/537.36" "www.cargohs.com"
70.36.19.66 - - [06/Jan/2023:08:05:09 -0800] "GET /wp-content/cache/et/174/et-core-unified-16711557942228.min.css HTTP/1.1" 200 5022 "https://www.cargohs.com/" "Mozilla/5.0 (Windows NT 10.0; Win64; x64) AppleWebKit/537.36 (KHTML, like Gecko) Chrome/108.0.0.0 Safari/537.36" "www.cargohs.com"
70.36.19.66 - - [06/Jan/2023:08:05:09 -0800] "GET /wp-content/uploads/2019/02/chs-logo.png HTTP/1.1" 200 173881 "https://www.cargohs.com/" "Mozilla/5.0 (Windows NT 10.0; Win64; x64) AppleWebKit/537.36 (KHTML, like Gecko) Chrome/108.0.0.0 Safari/537.36" "www.cargohs.com"
70.36.19.66 - - [06/Jan/2023:08:05:09 -0800] "GET /wp-content/themes/Divi/js/custom.min.js?ver=3.19.15 HTTP/1.1" 200 61573 "https://www.cargohs.com/" "Mozilla/5.0 (Windows NT 10.0; Win64; x64) AppleWebKit/537.36 (KHTML, like Gecko) Chrome/108.0.0.0 Safari/537.36" "www.cargohs.com"
70.36.19.66 - - [06/Jan/2023:08:05:09 -0800] "GET /wp-content/plugins/a3-lazy-load/assets/js/jquery.lazyloadxt.extra.min.js?ver=1.9.2 HTTP/1.1" 200 1547 "https://www.cargohs.com/" "Mozilla/5.0 (Windows NT 10.0; Win64; x64) AppleWebKit/537.36 (KHTML, like Gecko) Chrome/108.0.0.0 Safari/537.36" "www.cargohs.com"
70.36.19.66 - - [06/Jan/2023:08:05:10 -0800] "GET /wp-content/plugins/a3-lazy-load/assets/js/jquery.lazyloadxt.srcset.min.js?ver=1.9.2 HTTP/1.1" 200 703 "https://www.cargohs.com/" "Mozilla/5.0 (Windows NT 10.0; Win64; x64) AppleWebKit/537.36 (KHTML, like Gecko) Chrome/108.0.0.0 Safari/537.36" "www.cargohs.com"
70.36.19.66 - - [06/Jan/2023:08:05:10 -0800] "GET /wp-content/plugins/a3-lazy-load/assets/js/jquery.lazyloadxt.extend.js?ver=1.9.2 HTTP/1.1" 200 348 "https://www.cargohs.com/" "Mozilla/5.0 (Windows NT 10.0; Win64; x64) AppleWebKit/537.36 (KHTML, like Gecko) Chrome/108.0.0.0 Safari/537.36" "www.cargohs.com"
70.36.19.66 - - [06/Jan/2023:08:05:10 -0800] "GET /wp-content/themes/Divi/core/admin/fonts/modules.ttf HTTP/1.1" 200 92400 "https://www.cargohs.com/wp-content/themes/Divi/style.css?ver=3.19.15" "Mozilla/5.0 (Windows NT 10.0; Win64; x64) AppleWebKit/537.36 (KHTML, like Gecko) Chrome/108.0.0.0 Safari/537.36" "www.cargohs.com"
70.36.19.66 - - [06/Jan/2023:08:05:10 -0800] "GET /wp-content/uploads/2018/03/pexels-photo-221047.jpeg HTTP/1.1" 200 761045 "https://www.cargohs.com/" "Mozilla/5.0 (Windows NT 10.0; Win64; x64) AppleWebKit/537.36 (KHTML, like Gecko) Chrome/108.0.0.0 Safari/537.36" "www.cargohs.com"
70.36.19.66 - - [06/Jan/2023:08:05:10 -0800] "GET /wp-content/plugins/divi-builder/core/admin/js/common.js?ver=3.19.15 HTTP/1.1" 200 577 "https://www.cargohs.com/" "Mozilla/5.0 (Windows NT 10.0; Win64; x64) AppleWebKit/537.36 (KHTML, like Gecko) Chrome/108.0.0.0 Safari/537.36" "www.cargohs.com"
70.36.19.66 - - [06/Jan/2023:08:05:11 -0800] "GET /wp-content/plugins/a3-lazy-load/assets/css/loading.gif HTTP/1.1" 200 1690 "https://www.cargohs.com/wp-content/plugins/a3-lazy-load/assets/css/jquery.lazyloadxt.spinner.css?ver=5.0.18" "Mozilla/5.0 (Windows NT 10.0; Win64; x64) AppleWebKit/537.36 (KHTML, like Gecko) Chrome/108.0.0.0 Safari/537.36" "www.cargohs.com"
70.36.19.66 - - [06/Jan/2023:08:05:12 -0800] "GET /wp-includes/js/wp-embed.min.js?ver=5.0.18 HTTP/1.1" 200 739 "https://www.cargohs.com/" "Mozilla/5.0 (Windows NT 10.0; Win64; x64) AppleWebKit/537.36 (KHTML, like Gecko) Chrome/108.0.0.0 Safari/537.36" "www.cargohs.com"
70.36.19.66 - - [06/Jan/2023:08:05:12 -0800] "GET /wp-content/uploads/2018/05/IMG_0266.jpg HTTP/1.1" 200 1910823 "https://www.cargohs.com/" "Mozilla/5.0 (Windows NT 10.0; Win64; x64) AppleWebKit/537.36 (KHTML, like Gecko) Chrome/108.0.0.0 Safari/537.36" "www.cargohs.com"
70.36.19.66 - - [06/Jan/2023:08:05:12 -0800] "GET /staging/wp-content/uploads/2018/03/consutant-03.jpg HTTP/1.1" 404 88 "https://www.cargohs.com/" "Mozilla/5.0 (Windows NT 10.0; Win64; x64) AppleWebKit/537.36 (KHTML, like Gecko) Chrome/108.0.0.0 Safari/537.36" "cargohs.com"
70.36.19.66 - - [06/Jan/2023:08:05:12 -0800] "GET /wp-content/uploads/2018/05/IMG_0293.jpg HTTP/1.1" 200 1881047 "https://www.cargohs.com/" "Mozilla/5.0 (Windows NT 10.0; Win64; x64) AppleWebKit/537.36 (KHTML, like Gecko) Chrome/108.0.0.0 Safari/537.36" "www.cargohs.com"
70.36.19.66 - - [06/Jan/2023:08:05:15 -0800] "GET /wp-content/uploads/2018/03/customersupport-e1525667062212.jpg HTTP/1.1" 200 30302 "https://www.cargohs.com/" "Mozilla/5.0 (Windows NT 10.0; Win64; x64) AppleWebKit/537.36 (KHTML, like Gecko) Chrome/108.0.0.0 Safari/537.36" "www.cargohs.com"
70.36.19.66 - - [06/Jan/2023:08:05:36 -0800] "GET /?page_id=182 HTTP/1.1" 200 27377 "https://www.cargohs.com/" "Mozilla/5.0 (Windows NT 10.0; Win64; x64) AppleWebKit/537.36 (KHTML, like Gecko) Chrome/108.0.0.0 Safari/537.36" "www.cargohs.com"
70.36.19.66 - - [06/Jan/2023:08:05:42 -0800] "GET /wp-content/cache/et/182/et-core-unified-16711682557325.min.css HTTP/1.1" 200 4249 "https://www.cargohs.com/?page_id=182" "Mozilla/5.0 (Windows NT 10.0; Win64; x64) AppleWebKit/537.36 (KHTML, like Gecko) Chrome/108.0.0.0 Safari/537.36" "www.cargohs.com"
70.36.19.66 - - [06/Jan/2023:08:05:42 -0800] "GET /staging/wp-content/uploads/2018/03/consutant-03.jpg HTTP/1.1" 404 88 "https://www.cargohs.com/" "Mozilla/5.0 (Windows NT 10.0; Win64; x64) AppleWebKit/537.36 (KHTML, like Gecko) Chrome/108.0.0.0 Safari/537.36" "cargohs.com"
70.36.19.66 - - [06/Jan/2023:08:05:42 -0800] "GET /wp-content/uploads/2018/03/asphalt-auto-automobile-226460-e1521938167900.jpg HTTP/1.1" 200 47982 "https://www.cargohs.com/wp-content/cache/et/182/et-core-unified-16711682557325.min.css" "Mozilla/5.0 (Windows NT 10.0; Win64; x64) AppleWebKit/537.36 (KHTML, like Gecko) Chrome/108.0.0.0 Safari/537.36" "www.cargohs.com"
70.36.19.66 - - [06/Jan/2023:08:05:48 -0800] "GET /wp-content/uploads/2018/05/IMG_2515.jpg HTTP/1.1" 200 1608448 "https://www.cargohs.com/?page_id=182" "Mozilla/5.0 (Windows NT 10.0; Win64; x64) AppleWebKit/537.36 (KHTML, like Gecko) Chrome/108.0.0.0 Safari/537.36" "www.cargohs.com"
10.247.24.55 - - [06/Jan/2023:08:22:45 -0800] "POST /wp-cron.php?doing_wp_cron=1673022164.9751720428466796875000 HTTP/1.1" 200 - "https://www.cargohs.com/wp-cron.php?doing_wp_cron=1673022164.9751720428466796875000" "WordPress/5.0.18; https://www.cargohs.com" "www.cargohs.com"
